l = -3*h + t, 4*h = 2*l + 64 - 818. Is l a composite number?
False
Let u(h) be the second derivative of 5*h**5/4 - h**4/12 + 11*h**2/2 + h + 9. Is u(3) prime?
True
Let a(x) = -2*x**3 - 6*x**2. Let h be a(-3). Suppose 10 = -h*r - 5*r, -5*j = 2*r - 6. Suppose -12*n + 65350 = -j*n. Is n prime?
False
Suppose 0 = -112*g + 3630998 + 12648314. Is g a composite number?
True
Let w(y) = -242*y**2 + 13*y + 41. Let u(t) = -485*t**2 + 28*t + 83. Let p(h) = 4*u(h) - 9*w(h). Is p(6) a composite number?
False
Let v(k) = -k**2 + k - 55. Let y be v(0). Let p = -54 - y. Is ((6/(-4))/p)/2*-2612 composite?
True
Suppose -9*s + 49 = -5. Suppose -8 = -s*i + 4. Suppose 2*j = i*f - 4018, -2*f - 2*f = 2*j - 8012. Is f a prime number?
False
Let a(v) = v - 10. Let m be a(11). Let b be -4 + m - (-81)/9. Suppose 3*i - 350 = -b*y + 4*y, i - 124 = 3*y. Is i composite?
True
Let i be ((-40)/(-16))/(3/(-1002)). Let f = 2808 + i. Suppose 4*g - f = 287. Is g composite?
True
Let h = -2 + 6. Suppose 0 = -79*i + 84*i - 1625. Suppose d + 148 = 3*c - 192, -3*c + i = -h*d. Is c prime?
False
Suppose 20*f - 35*f = 60. Is (-3396)/(-48) - (-3 - 11/f) prime?
True
Let o(p) = -p**3 + 8*p**2 + 4*p + 2. Suppose 0 = 4*s + 25 - 57. Suppose -k = -3*u + k + 11, 0 = -4*k + s. Is o(u) a prime number?
True
Let w = -21636 + 36607. Is w a composite number?
True
Suppose -a - 2*h + 1904 = 0, -2*h = -a + 1586 + 338. Let k = 829 + a. Is k a prime number?
False
Let g(w) = 111*w + 30. Let b be g(18). Let i = 4361 - b. Is i a composite number?
False
Suppose -5072 = 3*b - x - x, -b - x = 1689. Let f = b + 3069. Is f composite?
True
Let n(r) = 9043*r**2 - 20*r - 91. Is n(4) a composite number?
True
Let q = 1204112 + -783579. Is q a prime number?
False
Let k(w) = -w**3 + 11*w**2 - 12*w + 21. Let y be k(10). Let l be (-1 - -1)/(-3 + (0 - y)). Suppose x + 4*b - 255 = l, -x + b - 787 = -4*x. Is x prime?
True
Let n = -10637 + 19409. Let k = n + -1651. Is k composite?
False
Let k(c) = 3634*c + 119. Let j be k(3). Suppose -13*o + j = -55370. Is o a prime number?
True
Suppose -206*h = -126*h - 3507280. Is h a composite number?
True
Let l be (-73049)/(6/((-24)/(-4)))*-1. Suppose 0 = -5*i - 4*t + 44750 + l, 4*t = 2*i - 47114. Is i composite?
True
Let a(r) = -105*r**2 + 25*r + 9. Let u(o) = -50*o**2 + 13*o + 5. Let j(q) = 3*a(q) - 7*u(q). Let y be (-4)/(-2) - (-1 + -6). Is j(y) composite?
False
Let t be (0 - -6)/3 - -1 - -5273. Is t/5 + (-3)/15 prime?
False
Let r be 2/3*-3*3/(-3). Suppose 8 = r*a - 4*h, 5*a - h = 2*h + 13. Suppose -1682 + 8668 = a*o. Is o prime?
False
Let n(s) be the third derivative of -1/6*s**4 - 3*s**2 + 0 + 0*s - 19/120*s**6 - 1/20*s**5 + 1/6*s**3. Is n(-2) composite?
False
Let q(g) = g**3 - 6*g**2 - 5*g + 2. Let f be q(7). Suppose 4*c + 8 - f = 0. Suppose c*m - 589 = i, -i + 583 = -3*m + 5*m. Is m a prime number?
True
Suppose 6*b - c = 5*b + 1117981, -5*b + 5589905 = -8*c. Is b composite?
True
Suppose 3*s = -4*m - 3, 8*m + 4*s + 4 = 10*m. Suppose -n = -2*g - 3*g - 3965, m = -5*n - 5*g + 19945. Is n composite?
True
Let l(a) = -a**3 - 20*a**2 - 42*a + 81. Is l(-22) composite?
False
Is (-72)/(-12 - -6) - -77125 a composite number?
False
Let z be 79040/400*((-130)/4)/(-1). Suppose -12*g + z = -12706. Is g a composite number?
True
Suppose -99*c - 60 = -84*c. Let t(q) = -252*q**3 + 3*q**2 + 10*q - 7. Is t(c) composite?
True
Let y = -53 - -53. Suppose -q - 5*i + 381 = y, -i - 10 = i. Suppose -4*s + 13078 = -q. Is s composite?
False
Is 161/69*(-6)/2 - -3414 a composite number?
False
Suppose 3*n - 5*f = 26689, -4*n = 4*f - 11012 - 24616. Is n composite?
True
Let y(m) = 5785*m + 186. Is y(11) prime?
False
Let i(s) = -15*s**3 - 29*s**2 - 51*s + 462. Is i(-17) prime?
True
Suppose 0 = -3*r + 13 + 2. Suppose 2*s + 5*g = 2171, r*s - 4287 = s + g. Is s prime?
False
Is 11507870/6 - ((-8)/(-12))/(-1)*1 prime?
False
Let w be (-6)/2*(2 + -3). Let t = 3 - w. Suppose t*d - 95 = -5*d. Is d a prime number?
True
Let w be (-66)/(-7) - 3/7. Suppose w*j = 5*j - 2*r + 1758, j - 5*r = 434. Let k = j - 296. Is k a composite number?
True
Suppose -17*b = -48*b + 18693. Suppose -604*q + b*q = -7411. Is q prime?
True
Let n(q) be the first derivative of q**4/4 - 14*q**3/3 + 7*q**2/2 - 7*q + 25. Let u be n(13). Let d = u + 672. Is d prime?
True
Suppose -17*z + 3*z + 8*z + 411798 = 0. Is z a composite number?
False
Suppose x = 28*t - 22*t - 1500553, -t + 250118 = 5*x. Is t prime?
False
Let o(d) = 596*d**2 - 80*d - 35. Is o(-12) a composite number?
True
Let i(h) = 62*h**2 + 10*h - 407. Is i(-22) a prime number?
False
Let z = 371 - 368. Suppose z*k - 21769 = -8*k. Is k prime?
True
Suppose 177*s - 212*s = -6153105. Is s a composite number?
True
Let l be (-6)/4*5008/(-24). Let k = l - 455. Let m = -93 - k. Is m composite?
True
Let d be -7*((-57)/(-21) + -3). Let g be 2*(d + 3/6). Suppose 0 = -g*l + 1211 + 44. Is l composite?
False
Suppose 4*f - 29 = -21, -2*c + 10918698 = 4*f. Is c a composite number?
True
Suppose 309 = s - 3*t, 2*t = -4*s + 3*t + 1247. Let x be (s/60)/(1/265). Suppose 5*b - 3445 = -0*v + 2*v, -v = -2*b + x. Is b a composite number?
True
Suppose 5*d + 1026 + 789 = 0. Let o = -25 - d. Suppose -5*t + o = 103. Is t a composite number?
False
Suppose -8*n + 6840 = -6104. Let p = -65 - -70. Suppose -n - 717 = -p*w. Is w prime?
True
Suppose 0 = f + a - 2 + 7, -5*a + 2 = 2*f. Is (-23)/(((-3)/f)/((-47)/3)) composite?
True
Let n(p) = 2*p + 5*p + 6485*p**2 + 61 - 6344*p**2. Is n(-8) a prime number?
True
Suppose -2*g = -5*k + 958095, 3*k - 18*g - 574913 = -28*g. Is k a composite number?
False
Suppose 0 = 10*i + 65869 + 32351. Is (i/(-18))/(2/12) composite?
True
Let u(p) = 3*p**2 + 47*p + 1051. Is u(-56) a prime number?
False
Suppose -5*k = 2*j + 2829, j - 5*k = -j - 2819. Let t(c) = -1183*c + 179. Let x be t(-4). Let a = x + j. Is a a prime number?
True
Let r = 195 - -29. Let h = 2769 - r. Is h composite?
True
Suppose -2*b + 0 = -3*z + 9, 9 = -3*b + 3*z. Let y be -2276*(2 - b/(0 + 1)). Let a = y - -6885. Is a prime?
True
Let b(x) = 94*x**2 + 14*x - 23. Suppose 120 + 33 = 17*m. Is b(m) prime?
True
Let d be 2*-4 - 215460/45. Suppose 30564 = 3*t + t. Let y = t + d. Is y a composite number?
True
Let s be (-18)/(-117) + 122724/(-26). Let u be -2*15/10 - s. Is (-4 + 5)*4 + u composite?
False
Let f = -168 - -171. Suppose -b - 5*w = -2308, -5*w = -f*b - w + 6981. Is b prime?
False
Let c be (-22)/(-4) + -2 + (-6)/(-12). Let i be (1 - 0)/(5/(-10)) + c. Suppose i*s + 5*s - 24437 = 0. Is s composite?
False
Let b = -45 - -48. Suppose b*u = -5*y + 51857 - 289, 4*u + 41248 = 4*y. Is y a composite number?
False
Suppose -9*j = n - 13*j - 150239, 4*j = 2*n - 300478. Is n prime?
True
Suppose -2*w + 190 = 2*x + 62, 5*w = x + 332. Suppose -60*j = -w*j + 30594. Is j a composite number?
False
Let x(j) = 23*j**3 - 96*j**2 - 29*j + 53. Is x(19) a composite number?
True
Let f be 108597 + (-1)/(4/24). Suppose -10*p = 11*p - f. Is p a composite number?
False
Let b(q) = 8 + 2*q**2 - 1 - 3*q**3 - q + 10*q**3 - 3*q. Let c = -56 - -60. Is b(c) a prime number?
False
Let u = -254 - -487. Suppose 2*g = -u - 393. Let h = g + 446. Is h composite?
True
Let f(s) = 10*s + 50. Let k be f(-5). Suppose -6*q + 4*q = 4*i - 31274, i - 2*q - 7811 = k. Is i a prime number?
True
Let k(l) = -6503*l**2 - 6*l + 7. Let f be k(1). Is -5 + 0 + -4*f/4 composite?
True
Let h(n) = -1887*n - 18. Let z be h(5). Is z*(-8 + 9)/(-3) composite?
True
Let p = 50 - 46. Suppose -p*n - r = -50426, -6*n + 7*n - 12601 = -3*r. Is n a prime number?
False
Suppose -31*p - 22542 = -29*p. Let i = p - -16498. Is i prime?
True
Suppose 3*p + 85 = 5*a, -3*a + 5*p = 4*p - 51. Suppose a*b = 20610 + 20819. Is b prime?
True
Suppose 101306 = 14*a - 56936. Is a a composite number?
True
Let n = 6477 - 3961. Suppose -4*u = -8*u + n. Is u a prime number?
False
Suppose 13 = 4*c + s, 3*c + 7*s - 3*s = 13. Suppose -5*f - 4*r + 386 + 3549 = 0, -5*f = -c*r - 3935. Is f a prime number?
True
Let u = 2028819 + -1111020. Is u composite?
True
Suppose 0 = 3*u - c - 696594, -2*u - 43*c + 48*c = -464435. Is u a prime number?
False
Suppose 0 = 2*d + v + 1019, 4*v - 1044 = 4*d - 2*d. Let a = 11197 + d. Is a a prime number?
False
Let j = -185 + 97. Let k = j + 84. Is (k/6)/(12/(-52902)) prime?
True
Let n(f) = 1158*f**2 + 86*f - 1091. Is n